= -5*d - 5*f + 38. Calculate the remainder when 48 is divided by d.
9
Let w(u) = -2*u + 86. Calculate the remainder when 11 is divided by w(39).
3
Let n(f) = 3*f**2 - 17*f - 79. What is the remainder when n(-9) is divided by 107?
103
Suppose 3042 = 27*l - 1467. Calculate the remainder when l is divided by 29.
22
Calculate the remainder when 122 is divided by -24 + 17 - (-23 - 0).
10
Suppose 32*z = 34*z - 4. Suppose 3*k - 5*l - 53 = 0, -l + 0*l = -z. Suppose 5*q + s = 205, -5*q = 2*s + 3*s - 205. What is the remainder when q is divided by k?
20
Let i = 31 + -14. Suppose 4*q - 5*f = 164, -4*f = q - i - 3. Suppose -4*b + b - 11 = -c, 5*c - q = -4*b. Calculate the remainder when 31 is divided by c.
7
Let y(i) be the first derivative of -i**4/2 - 8*i**3/3 + 3*i**2 - 3*i + 21. Calculate the remainder when y(-5) is divided by 9.
8
Let d = 1309 - 1148. What is the remainder when d is divided by 34?
25
Let v(h) = 7*h**2 + 8*h - 27. Calculate the remainder when v(-8) is divided by 24.
21
Let k(a) = -a**3 - 2*a**2 + 4. Suppose -16*x + 19*x = 3. Calculate the remainder when k(-4) is divided by (12 - (-3 - (-3)/1)) + x.
10
Let v be -2*5/5*-2. Let a(j) be the second derivative of j**3/6 - 2*j. Calculate the remainder when a(v) is divided by 2.
0
What is the remainder when 359 - (16 + -11 + 3) is divided by 26?
13
Let y(s) = s**3 + 2*s**2 - 43*s + 1. What is the remainder when y(8) is divided by 23?
21
Let q = 24 + -16. Suppose 3*n - q*n + 255 = -2*c, 5*n - c - 250 = 0. What is the remainder when n is divided by 2/4*3 + 341/22?
15
Suppose 2*k + 42 = 2*u, 0*k = 2*k. Let o = u - 13. What is the remainder when o is divided by 2?
0
Suppose 0 = -4*b + m + 204 - 40, -3*b = 4*m - 123. Let z = 75 - b. What is the remainder when z is divided by 9?
7
Calculate the remainder when 125 is divided by (104/4 - -6)/(4 + -2).
13
Let n = 597 + -263. Calculate the remainder when n is divided by 26.
22
Let a be (-8)/6 - 7/(84/(-136)). Suppose -48 = -2*u + u. What is the remainder when u is divided by 5/a*34*1?
14
Let b(k) = -k**2 - 10*k - 9. Let c be b(-8). Let f = c - -2. Suppose f*n - 4*n - 120 = 0. What is the remainder when 71 is divided by n?
23
Let f = 9 + -3. Suppose f*b = 3*b. Suppose -j + 5 + 6 = b. What is the remainder when 21 is divided by j?
10
Let l(q) = -4*q**2 - 7. Let h be l(4). Suppose -330 = -0*i + 2*i. Let v = h - i. Calculate the remainder when v is divided by 24.
22
What is the remainder when 306 is divided by (-615)/(-41)*(-4)/(-6)?
6
Let r(t) = -t**3 + 22*t**2 + 25*t - 37. Let h be (12/14)/(-2) - 328/(-14). What is the remainder when 16 is divided by r(h)?
7
Suppose 5*a - a - 4 = 0. Let z be a + 81 + 2 + 0. Suppose 4*i = 4*x + z, 5*i + 0*i - 3*x = 105. What is the remainder when i is divided by 11?
10
Let h be (4/(-4))/((-3)/93). Suppose -15 = -2*m + h. Let i = 27 - 15. Calculate the remainder when m is divided by i.
11
Let f(s) = -2*s**3 - s**2 + 23*s + 3. Let j(b) = -2*b - 1. Let c be j(-3). Suppose -c*o + 0*o + 145 = 0. What is the remainder when f(-5) is divided by o?
26
Suppose 0*m + 0*m = -3*m. What is the remainder when 90 is divided by (m - (-207)/15) + 4/(-5)?
12
Let k = 652 - 648. What is the remainder when 18 is divided by k?
2
Suppose 0 = 5*l - 1597 + 147. Suppose 2*p + 25 + 29 = u, 0 = -5*u + 5*p + l. Calculate the remainder when u is divided by 16.
14
Calculate the remainder when 441/(-18)*10/(-5) is divided by 14.
7
Suppose v + 804 = 13*v. What is the remainder when v is divided by 12?
7
Suppose 5*b - 653 - 97 = 0. What is the remainder when b is divided by 52?
46
Let l(c) = -12*c + 116. Calculate the remainder when 45 is divided by l(7).
13
Let u(w) = 16*w**3 - 3*w**2 + 5*w - 4. Calculate the remainder when u(2) is divided by 7.
3
Let i be 0/(-1)*(-6 + 5). Suppose 2*o + i - 10 = 0. Suppose 102 = -2*f + o*f. What is the remainder when f is divided by 12?
10
Suppose 5*u = 37 - 2. Suppose -4*i = -4*k - 240, -4*i + 2*k = -3*k - 239. Let h = i - 34. Calculate the remainder when h is divided by u.
6
Suppose -294 = 6*y - 1398. What is the remainder when y is divided by 20?
4
Let c be 64/12 - 6/18. Suppose -15*a = -c*a - 100. Suppose -4*i + 140 = i. What is the remainder when i is divided by a?
8
Let b = -2 + 2. Let v(k) = k + 16. What is the remainder when 77 is divided by v(b)?
13
Let j(h) = 6*h - 12. Let n be j(-8). Calculate the remainder when 62 is divided by (72/15)/((-9)/n).
30
Let c(v) = v**3 - 6*v - 3*v + 8*v + v**2 + 50. Let d = 21 + -21. What is the remainder when c(d) is divided by 17?
16
What is the remainder when 266 is divided by 48/336 - 664/(-7)?
76
Suppose -2*d + 50 = 2*k, 22*d - 18*d + 5*k = 96. Let c(w) = -1 - 8*w + 3 - 3. What is the remainder when d is divided by c(-2)?
14
Suppose 10*n = 14*n - 4. Calculate the remainder when 116 is divided by n*(5 - 1)*165/44.
11
Suppose -106*m + 1310 = -96*m. What is the remainder when m is divided by 34?
29
Let l be (6/(-2))/((-1)/20). Suppose -4*w + l = -w. Let u(g) = -6*g - 371. Calculate the remainder when w is divided by u(-63).
6
Let w(c) = -c**3 + 11*c**2 + c - 2. Let q be ((-1)/(-3))/(1/(-15)). Let a(m) = -2*m + 1. Let n be a(q). Calculate the remainder when 25 is divided by w(n).
7
Suppose 2*k + 4*a + 14 = 0, 2*k - 3*a = -0*k + 21. Suppose -k*o + 145 = 4*t, -3*o + 143 = t - 8. What is the remainder when o is divided by 27?
24
Let n(g) = 18*g - 1. Let w be n(-1). Suppose -r + 2 = -5. Calculate the remainder when w/(-1) + (0 - 0) is divided by r.
5
Let k(d) = 3*d**2 + 20*d + 19. Let m = -23 - -43. Calculate the remainder when m is divided by k(-6).
6
Let p(u) = -u**2 - 17*u + 21. Calculate the remainder when 39 is divided by p(-18).
0
Let c(m) = m**3 + 25*m**2 + 86*m + 69. What is the remainder when 607 is divided by c(-21)?
13
Let w(u) = 6*u - 3*u - 6*u - 4*u + 5. What is the remainder when 98 is divided by w(-4)?
32
Suppose 2 = t - 1. Calculate the remainder when -1 + 12 + (0 + 0)/(-2) is divided by t.
2
Let g(u) = 8*u - 65. Let k(l) = -l. Let b be k(-5). Suppose 3*m = 2*d - 68, b*d - 5*m = 94 + 66. Calculate the remainder when d is divided by g(10).
13
Let f = 110 + -102. What is the remainder when 130 is divided by f - (0 + -2 + 3 + -4)?
9
Let y = 16 - 20. Let p(l) = -l**2 - 7*l - 10. Let r be p(y). Let j = 18 - r. Calculate the remainder when 31 is divided by j.
15
Suppose -24 = -2*m - 0*m + 3*l, 3*m - 5*l - 35 = 0. Let j(b) = -b**3 + 15*b**2 + 7*b - 2. Calculate the remainder when j(m) is divided by 15.
13
Suppose -7 = -7*b + 7. Suppose -n + b*c + 47 = 0, -12 = c + 2*c. Calculate the remainder when n is divided by 22.
17
What is the remainder when (-114)/(-16)*4 - 1/2 is divided by 6?
4
Let f = 49 + -71. Let q be (-4)/f - 7828/(-22). Suppose -q + 136 = -5*y. Calculate the remainder when y is divided by 15.
14
Suppose 3*v - 4 - 8 = 0. Suppose -a - v*a = -155. Suppose -2*u = a - 93. Calculate the remainder when 59 is divided by u.
28
Let p = 109 - 14. Suppose -2*c + p = 3*x - 39, -x + 52 = -3*c. Calculate the remainder when x is divided by 7.
4
Let b(i) = 2*i - 35. Let o be b(17). Calculate the remainder when 33 is divided by ((-24)/(-60))/(o/(-30)).
9
Let f = 674 + -597. What is the remainder when f is divided by 12?
5
What is the remainder when (-4)/4 - -1 - -12 is divided by 7 + (1 + -1 - 4)?
0
Let w = -105 + 129. Suppose h + 3*u = 8*u + 8, -4*u - 35 = -3*h. What is the remainder when w is divided by h?
11
Let b be -1 + 3/(15/5). Suppose -2*h - 2*w + 12 = b, 2*w - 4*w = 5*h - 21. Suppose 0 = h*a - 6*a + 72. What is the remainder when 69 is divided by a?
21
Suppose -3*y + 2*g + 6 = -14, -g = 3*y - 8. Suppose 1201*j - 1196*j - 45 = 0. Calculate the remainder when j is divided by y.
1
Let p = 28 + -47. Let v = p + 45. Suppose -4*h = 4*l - 11 - 21, -4*h + 23 = 3*l. What is the remainder when v is divided by l?
8
Suppose 85*y - 2678 = 1487. What is the remainder when 195 is divided by y?
48
Suppose -3*w = v + 4, v - 2 = -v - w. Let c = 6 - v. Suppose 2*k + 3*j - 64 = -j, c*j + 38 = k. Calculate the remainder when k is divided by 9.
7
Suppose -o = -3*x - 11, -o - 2*o + 18 = -4*x. Suppose 4 - o = h. What is the remainder when (-2)/2 - -1 - -4 is divided by h?
0
Suppose 0 = 3*m - 2*g + 21 - 133, -3*m + 3*g + 108 = 0. Let c = 51 + m. What is the remainder when c is divided by 3*2